ighest common factor of 1837 and 110.
11
Calculate the greatest common divisor of 265 and 20.
5
What is the greatest common factor of 1488 and 816?
48
What is the highest common factor of 6439 and 137?
137
Calculate the greatest common divisor of 25 and 37.
1
What is the highest common divisor of 8512 and 112?
112
Calculate the highest common factor of 81 and 405.
81
Calculate the highest common divisor of 187 and 55.
11
What is the greatest common factor of 2 and 941?
1
Calculate the greatest common divisor of 110 and 55.
55
What is the greatest common factor of 52 and 13819?
13
Calculate the greatest common divisor of 63 and 84.
21
What is the greatest common divisor of 63 and 144?
9
Calculate the highest common divisor of 264 and 451.
11
Calculate the highest common divisor of 200 and 15100.
100
What is the greatest common factor of 902 and 22?
22
Calculate the highest common divisor of 1098 and 9.
9
Calculate the greatest common divisor of 38 and 1444.
38
What is the greatest common factor of 10 and 8380?
10
Calculate the greatest common factor of 3454 and 471.
157
Calculate the highest common factor of 32 and 24.
8
Calculate the greatest common divisor of 328 and 41.
41
What is the greatest common factor of 441 and 432?
9
What is the highest common divisor of 40 and 140?
20
What is the highest common factor of 10 and 3590?
10
What is the highest common divisor of 1416 and 354?
354
Calculate the highest common factor of 167 and 334.
167
Calculate the highest common divisor of 55499 and 46.
23
Calculate the greatest common divisor of 16 and 80.
16
What is the greatest common factor of 136 and 68?
68
Calculate the highest common divisor of 33 and 1419.
33
What is the highest common divisor of 8159 and 41?
41
Calculate the highest common divisor of 195 and 221.
13
What is the highest common factor of 105 and 280?
35
Calculate the highest common divisor of 108 and 288.
36
Calculate the highest common factor of 272 and 96.
16
Calculate the greatest common factor of 3 and 87.
3
What is the greatest common divisor of 1 and 24?
1
Calculate the greatest common divisor of 5 and 155.
5
What is the greatest common factor of 26 and 296?
2
Calculate the highest common factor of 14 and 17934.
14
What is the highest common factor of 6515 and 10?
5
Calculate the highest common divisor of 4 and 100.
4
Calculate the highest common factor of 4914 and 756.
378
What is the highest common divisor of 4 and 76?
4
Calculate the highest common factor of 288 and 63.
9
What is the highest common divisor of 760 and 120?
40
What is the highest common divisor of 166 and 7553?
83
What is the greatest common divisor of 495 and 110?
55
Calculate the greatest common factor of 42 and 630.
42
Calculate the highest common factor of 19 and 1843.
19
What is the greatest common divisor of 72260 and 20?
20
What is the highest common factor of 140 and 84?
28
What is the greatest common factor of 46 and 23368?
46
Calculate the greatest common divisor of 13458 and 4.
2
What is the highest common factor of 130 and 39065?
65
Calculate the greatest common factor of 290 and 174.
58
Calculate the greatest common divisor of 6580 and 188.
188
What is the greatest common factor of 148 and 370?
74
What is the highest common divisor of 42 and 686?
14
What is the greatest common divisor of 59 and 23?
1
Calculate the highest common factor of 1410 and 150.
30
Calculate the highest common divisor of 1397 and 44.
11
What is the highest common divisor of 165 and 385?
55
What is the greatest common divisor of 15 and 45?
15
What is the greatest common divisor of 117 and 130?
13
Calculate the greatest common divisor of 1121 and 475.
19
What is the highest common divisor of 25 and 75?
25
What is the highest common divisor of 100 and 340?
20
What is the greatest common factor of 1309 and 119?
119
Calculate the highest common divisor of 36 and 180.
36
Calculate the greatest common divisor of 665 and 1862.
133
Calculate the highest common factor of 5 and 625.
5
Calculate the greatest common factor of 290 and 58.
58
What is the greatest common divisor of 1664 and 26?
26
What is the highest common factor of 2136 and 24?
24
Calculate the highest common divisor of 485 and 40.
5
Calculate the highest common divisor of 72 and 552.
24
What is the greatest common factor of 44 and 4?
4
What is the greatest common factor of 2500 and 20?
20
What is the highest common divisor of 1250 and 375?
125
What is the greatest common divisor of 20 and 45?
5
Calculate the greatest common factor of 6 and 3507.
3
Calculate the highest common factor of 9 and 477.
9
Calculate the greatest common factor of 11 and 3179.
11
What is the highest common divisor of 12 and 302?
2
What is the highest common factor of 39 and 35282?
13
What is the greatest common divisor of 20 and 30?
10
Calculate the greatest common divisor of 52 and 195.
13
Calculate the highest common divisor of 11 and 11957.
11
What is the greatest common divisor of 258 and 6794?
86
Calculate the greatest common factor of 25114 and 232.
58
Calculate the greatest common divisor of 35 and 315.
35
What is the greatest common divisor of 18 and 45?
9
Calculate the highest common divisor of 14 and 238.
14
Calculate the greatest common divisor of 380 and 13490.
190
What is the highest common factor of 45 and 5?
5
What is the highest common divisor of 9499 and 236?
59
Calculate the greatest common factor of 133 and 308.
7
Calculate the greatest common divisor of 219 and 25988.
73
Calculate the highest common factor of 10 and 45.
5
What is the highest common divisor of 308 and 1100?
44
Calculate the greatest common factor of 63 and 2367.
9
Calculate the highest common divisor of 258 and 860.
86
What is the highest common factor of 40 and 3880?
40
Calculate the highest common factor of 380 and 27170.
190
What is the highest common divisor of 324 and 81?
81
Calculate the greatest common factor of 64 and 1048.
8
Calculate the highest common divisor of 84 and 3759.
21
Calculate the greatest common factor of 11 and 6281.
11
What is the greatest common divisor of 17 and 59568?
17
Calculate the greatest common divisor of 6431 and 109.
109
What is the highest common factor of 909 and 202?
101
What is the greatest common factor of 403 and 31?
31
What is the greatest common divisor of 65 and 91?
13
What is the greatest common factor of 163 and 6683?
163
What is the highest common divisor of 672 and 768?
96
What is the highest common factor of 599 and 16?
1
Calculate the greatest common divisor of 1185 and 15.
15
Calculate the highest common divisor of 1146 and 6.
6
Calculate the greatest common factor of 2301 and 354.
177
Calculate the greatest common factor of 594 and 792.
198
Calculate the greatest common factor of 205 and 369.
41
What is the greatest common divisor of 6120 and 15?
15
What is the greatest common factor of 98 and 1274?
98
Calculate the greatest common divisor of 95 and 38.
19
Calculate the greatest common divisor of 4606 and 1034.
94
Calculate the greatest common factor of 11 and 5753.
11
Calculate the highest common factor of 720 and 135.
45
What is the greatest common divisor of 364 and 260?
52
What is the greatest common factor of 33 and 18?
3
What is the highest common divisor of 140 and 686?
14
What is the highest common factor of 39 and 65?
13
Calculate the greatest common factor of 94 and 2162.
94
Calculate the highest common divisor of 1967 and 3653.
281
Calculate the highest common factor of 88 and 55.
11
Calculate the highest common divisor of 63 and 891.
9
What is the highest common factor of 1230 and 30?
30
What is the greatest common divisor of 6 and 219?
3
Calculate the highest common divisor of 28 and 63.
7
Calculate the greatest common divisor of 192 and 320.
64
Calculate the greatest common factor of 24 and 1176.
24
What is the greatest common divisor of 69 and 1909?
23
Calculate the greatest common divisor of 102 and 12.
6
Calculate the greatest common factor of 452 and 24.
4
Calculate the greatest common divisor of 12733 and 119.
119
What is the highest common divisor of 285 and 23275?
95
Calculate the greatest common factor of 667 and 58.
29
Calculate the highest common factor of 16270 and 5.
5
Calculate the greatest common factor of 50 and 190.
10
C